{"id":12012,"date":"2023-05-02T20:09:13","date_gmt":"2023-05-02T20:09:13","guid":{"rendered":"https:\/\/www.arteenboga.com.co\/la\/?post_type=event_listing&#038;p=12012"},"modified":"2023-05-07T20:18:56","modified_gmt":"2023-05-07T20:18:56","slug":"semana-del-2-al-6-de-mayo-agendate-con-la-biblioteca-de-la-participacion","status":"publish","type":"event_listing","link":"https:\/\/www.arteenboga.com.co\/la\/event\/semana-del-2-al-6-de-mayo-agendate-con-la-biblioteca-de-la-participacion\/","title":{"rendered":"Semana del 2 al 6 de mayo ag\u00e9ndate con la Biblioteca de la Participaci\u00f3n"},"content":{"rendered":"<p>La Biblioteca de la Participaci\u00f3n Ciudadana tiene sus puertas a todo tipo el p\u00fablico interesado en la lectura y las diferentes actividades culturales que semanalmente presentan para el disfrute de todos. La Biblioteca cuenta con diversos espacios: Sala general, espacio infantil, sala tiflot\u00e9cnica para personas con discapacidad visual, aula m\u00faltiple, sala de cine y museo de la participaci\u00f3n.<\/p>\n<p><img loading=\"lazy\" decoding=\"async\" class=\"wp-image-11915 alignleft\" src=\"https:\/\/www.arteenboga.com.co\/la\/wp-content\/uploads\/2023\/04\/CINE-FORO.jpeg\" alt=\"\" width=\"301\" height=\"226\" srcset=\"https:\/\/www.arteenboga.com.co\/la\/wp-content\/uploads\/2023\/04\/CINE-FORO.jpeg 1600w, https:\/\/www.arteenboga.com.co\/la\/wp-content\/uploads\/2023\/04\/CINE-FORO-768x576.jpeg 768w, https:\/\/www.arteenboga.com.co\/la\/wp-content\/uploads\/2023\/04\/CINE-FORO-1536x1152.jpeg 1536w, https:\/\/www.arteenboga.com.co\/la\/wp-content\/uploads\/2023\/04\/CINE-FORO-960x720.jpeg 960w\" sizes=\"auto, (max-width: 301px) 100vw, 301px\" \/><\/p>\n<h4>Fechas: 02 al 06 de mayo \/ 2023<br \/>\nLugar: Biblioteca de la Participaci\u00f3n Ciudadana<br \/>\nCra 19\u00aa 63C-40 Barrio Baquero<br \/>\nHorario: Martes a s\u00e1bado 8:00\u202fam &#8211; 5:00\u202fpm<br \/>\nInterdisciplinar: Cine, Lectura, Caf\u00e9 Literario y mucho m\u00e1s.<\/h4>\n<p>Semanalmente tienen una variada oferta cultural y art\u00edstica que la hace un espacio de esparcimiento y consolidaci\u00f3n de tejido social para la ciudadan\u00eda en la localidad de Barrios Unidos. \u00a1No te pierdas todas las\u00a0 actividades, eventos y talleres que tienen para ti!<\/p>\n<h3><strong>P<\/strong><strong>rogramaci\u00f3n semana del 02 de marzo al 06 de mayo<\/strong><\/h3>\n<p><img loading=\"lazy\" decoding=\"async\" class=\"wp-image-12013 alignleft\" src=\"https:\/\/www.arteenboga.com.co\/la\/wp-content\/uploads\/2023\/05\/Captura-de-Pantalla-2023-05-07-a-las-15.01.10.png\" alt=\"\" width=\"45\" height=\"284\" \/>Mi\u00e9rcoles 03 \/ 8 am: <b>Sesi\u00f3n de Yoga<\/b>\u00a0\/ J\u00f3venes y adultos<\/p>\n<p>Mi\u00e9rcoles 03 \/ 02:30 pm: <strong>El dibujadero<\/strong> \/ J\u00f3venes y adultos<\/p>\n<p>Mi\u00e9rcoles 03\/ 03:30 pm: <strong>Taller Crea Artes Pl\u00e1sticas Checa <\/strong>\u00a0\/ Ni\u00f1os 6 a 8 a\u00f1os<\/p>\n<p>Jueves 04 \/ 3:00 pm: <strong>Club de ciencia<\/strong> \/ Herbario infancia<\/p>\n<p>Viernes 05\u00a0 \/ 2:00 pm <strong>Cine foro: Cine y fotobiograf\u00eda<\/strong> \/ J\u00f3venes y adultos<\/p>\n<p>S\u00e1bado 06 \/ 11 am:\u00a0 <strong>Hora del Cuento y Huerta Comunitaria \/\u00a0<\/strong>Familiar<\/p>\n<p>S\u00e1bado 06 \/ 11 am:\u00a0 <strong>Taller: Radio ambiental \u00abNoti ecologico\u00bb\u00a0 \/<\/strong>J\u00f3venes y adultos<\/p>\n<h3><strong>\u00a1Entrada libre!<\/strong><\/h3>\n<p>M\u00e1s informaci\u00f3n:<br \/>\n<a href=\"https:\/\/www.biblored.gov.co\/programate\">https:\/\/www.biblored.gov.co\/programate<\/a><br \/>\nE-mail: <a href=\"mailto:angelica.rojas@biblored.gov.co\">angelica.rojas@biblored.gov.co<\/a><br \/>\nTel\u00e9fonos: (601) 5803050 ext. 6230<\/p>\n<p>Consulte toda la programaci\u00f3n aqu\u00ed:<br \/>\n<a href=\"https:\/\/www.biblored.gov.co\/programate\">https:\/\/www.biblored.gov.co\/programate<\/a><\/p>\n<p>&nbsp;<\/p>\n","protected":false},"featured_media":12015,"template":"","meta":[],"event_listing_category":[132],"event_listing_type":[192],"class_list":["post-12012","event_listing","type-event_listing","status-publish","has-post-thumbnail","hentry","event_listing_category-other","event_listing_type-interdisciplinar"],"_links":{"self":[{"href":"https:\/\/www.arteenboga.com.co\/la\/wp-json\/wp\/v2\/event_listing\/12012","targetHints":{"allow":["GET"]}}],"collection":[{"href":"https:\/\/www.arteenboga.com.co\/la\/wp-json\/wp\/v2\/event_listing"}],"about":[{"href":"https:\/\/www.arteenboga.com.co\/la\/wp-json\/wp\/v2\/types\/event_listing"}],"wp:featuredmedia":[{"embeddable":true,"href":"https:\/\/www.arteenboga.com.co\/la\/wp-json\/wp\/v2\/media\/12015"}],"wp:attachment":[{"href":"https:\/\/www.arteenboga.com.co\/la\/wp-json\/wp\/v2\/media?parent=12012"}],"wp:term":[{"taxonomy":"event_listing_category","embeddable":true,"href":"https:\/\/www.arteenboga.com.co\/la\/wp-json\/wp\/v2\/event_listing_category?post=12012"},{"taxonomy":"event_listing_type","embeddable":true,"href":"https:\/\/www.arteenboga.com.co\/la\/wp-json\/wp\/v2\/event_listing_type?post=12012"}],"curies":[{"name":"wp","href":"https:\/\/api.w.org\/{rel}","templated":true}]}}

Semana del 2 al 6 de mayo agéndate con la Biblioteca de la Participación

<p>La Biblioteca de la Participación Ciudadana tiene sus puertas a todo tipo el público interesado en la lectura y las diferentes actividades culturales que semanalmente presentan para el disfrute de todos. La Biblioteca cuenta con diversos espacios: Sala general, espacio infantil, sala tiflotécnica para personas con discapacidad visual, aula múltiple, sala de cine y museo de la participación.</p>
<p><img loading="lazy" decoding="async" class="wp-image-11915 alignleft" src="https://www.arteenboga.com.co/la/wp-content/uploads/2023/04/CINE-FORO.jpeg" alt="" width="301" height="226" srcset="https://www.arteenboga.com.co/la/wp-content/uploads/2023/04/CINE-FORO.jpeg 1600w, https://www.arteenboga.com.co/la/wp-content/uploads/2023/04/CINE-FORO-768x576.jpeg 768w, https://www.arteenboga.com.co/la/wp-content/uploads/2023/04/CINE-FORO-1536x1152.jpeg 1536w, https://www.arteenboga.com.co/la/wp-content/uploads/2023/04/CINE-FORO-960x720.jpeg 960w" sizes="auto, (max-width: 301px) 100vw, 301px" /></p>
<h4>Fechas: 02 al 06 de mayo / 2023<br />
Lugar: Biblioteca de la Participación Ciudadana<br />
Cra 19ª 63C-40 Barrio Baquero<br />
Horario: Martes a sábado 8:00 am &#8211; 5:00 pm<br />
Interdisciplinar: Cine, Lectura, Café Literario y mucho más.</h4>
<p>Semanalmente tienen una variada oferta cultural y artística que la hace un espacio de esparcimiento y consolidación de tejido social para la ciudadanía en la localidad de Barrios Unidos. ¡No te pierdas todas las  actividades, eventos y talleres que tienen para ti!</p>
<h3><strong>P</strong><strong>rogramación semana del 02 de marzo al 06 de mayo</strong></h3>
<p><img loading="lazy" decoding="async" class="wp-image-12013 alignleft" src="https://www.arteenboga.com.co/la/wp-content/uploads/2023/05/Captura-de-Pantalla-2023-05-07-a-las-15.01.10.png" alt="" width="45" height="284" />Miércoles 03 / 8 am: <b>Sesión de Yoga</b> / Jóvenes y adultos</p>
<p>Miércoles 03 / 02:30 pm: <strong>El dibujadero</strong> / Jóvenes y adultos</p>
<p>Miércoles 03/ 03:30 pm: <strong>Taller Crea Artes Plásticas Checa </strong> / Niños 6 a 8 años</p>
<p>Jueves 04 / 3:00 pm: <strong>Club de ciencia</strong> / Herbario infancia</p>
<p>Viernes 05  / 2:00 pm <strong>Cine foro: Cine y fotobiografía</strong> / Jóvenes y adultos</p>
<p>Sábado 06 / 11 am:  <strong>Hora del Cuento y Huerta Comunitaria / </strong>Familiar</p>
<p>Sábado 06 / 11 am:  <strong>Taller: Radio ambiental «Noti ecologico»  /</strong>Jóvenes y adultos</p>
<h3><strong>¡Entrada libre!</strong></h3>
<p>Más información:<br />
<a href="https://www.biblored.gov.co/programate">https://www.biblored.gov.co/programate</a><br />
E-mail: <a href="mailto:angelica.rojas@biblored.gov.co">angelica.rojas@biblored.gov.co</a><br />
Teléfonos: (601) 5803050 ext. 6230</p>
<p>Consulte toda la programación aquí:<br />
<a href="https://www.biblored.gov.co/programate">https://www.biblored.gov.co/programate</a></p>
<p>&nbsp;</p>
