{"id":11969,"date":"2023-04-25T07:01:38","date_gmt":"2023-04-25T07:01:38","guid":{"rendered":"https:\/\/www.arteenboga.com.co\/la\/?post_type=event_listing&#038;p=11969"},"modified":"2023-04-26T07:25:32","modified_gmt":"2023-04-26T07:25:32","slug":"festival-convergencias-este-fin-de-semana-en-casa-plastica","status":"publish","type":"event_listing","link":"https:\/\/www.arteenboga.com.co\/la\/event\/festival-convergencias-este-fin-de-semana-en-casa-plastica\/","title":{"rendered":"Festival Convergencias este fin de semana en \u00abCasa Pl\u00e1stica\u00bb"},"content":{"rendered":"<p><img loading=\"lazy\" decoding=\"async\" class=\"wp-image-11971 alignright\" src=\"https:\/\/www.arteenboga.com.co\/la\/wp-content\/uploads\/2023\/04\/Captura-de-Pantalla-2023-04-23-a-las-11.54.02.png\" alt=\"\" width=\"228\" height=\"280\" \/>Este 27 y 29 de abril de 2023, Casa Pl\u00e1stica abre sus puertas con el Festival Convergencias, dentro del marco del est\u00edmulo \u201cEs cultura Local de Barrios Unidos\u201d.\u00a0 Los amantes del arte y la cultura podr\u00e1n disfrutar de una programaci\u00f3n variada de cine, teatro, gastronom\u00eda, danza y buena m\u00fasica. No se lo pueden perder.<\/p>\n<h4><img loading=\"lazy\" decoding=\"async\" class=\"wp-image-11972 alignleft\" src=\"https:\/\/www.arteenboga.com.co\/la\/wp-content\/uploads\/2023\/04\/Captura-de-Pantalla-2023-04-26-a-las-1.35.50.png\" alt=\"\" width=\"230\" height=\"288\" \/>Fechas: 27 de abril \/ 2023<br \/>\nLugar: Casa Pl\u00e1stica<br \/>\nCalle 75\u00aa # 22-24 San Felipe<br \/>\nHora: 8:00\u202fpm<br \/>\nMon\u00f3logo: \u00abJhonalexedario\u00bb<\/h4>\n<p>Sinopsis: Jhon Alex Toro con su mon\u00f3logo unipersonal, \u201cel Jhonalexedario\u201d, donde de la A a la Z nos contar\u00e1 una autobiograf\u00eda de su vida en la actuaci\u00f3n donde r\u00ede del medio, sus colegas y sobre todo, de \u00e9l mismo.<\/p>\n<p>Boleter\u00eda: $30.000.oo<\/p>\n<p>M\u00e1s informaci\u00f3n en las redes del proyecto:<\/p>\n<p><a href=\"https:\/\/www.instagram.com\/casa.plastica\/\">https:\/\/www.instagram.com\/casa.plastica\/<\/a><\/p>\n<h4><img loading=\"lazy\" decoding=\"async\" class=\"wp-image-11973 alignright\" src=\"https:\/\/www.arteenboga.com.co\/la\/wp-content\/uploads\/2023\/04\/Captura-de-Pantalla-2023-04-26-a-las-1.39.55.png\" alt=\"\" width=\"230\" height=\"289\" \/><\/h4>\n<h4>Fechas: 29 de abril \/ 2023<br \/>\nLugar: Casa Pl\u00e1stica<br \/>\nCalle 75\u00aa # 22-24 San Felipe<br \/>\nHora: Proyecci\u00f3n continua<br \/>\nCortometraje: \u201cAmador y Caridad\u201d<\/h4>\n<h4>Con Toto Vega<br \/>\nDirigido por Vlamyr Vizcaya S\u00e1nchez<\/h4>\n<p>Sinopsis: La historia de Amador, un humilde ciudadano en Bogot\u00e1, quien toma todas las ma\u00f1anas una lista de encargos de sus vecinos. Su empleo como recolector de basura es la forma en que ayuda a sus vecinos. Est\u00e1 enamorado de la profesora y juntos descubrir\u00e1n que tiene en com\u00fan mucho m\u00e1s de lo que se imaginan.<\/p>\n<p>Entrada libre previa inscripci\u00f3n.<\/p>\n<p>M\u00e1s informaci\u00f3n en las redes del proyecto:<\/p>\n<p><a href=\"https:\/\/www.instagram.com\/casa.plastica\/\">https:\/\/www.instagram.com\/casa.plastica\/<\/a><\/p>\n<h4><img loading=\"lazy\" decoding=\"async\" class=\"wp-image-11974 alignleft\" src=\"https:\/\/www.arteenboga.com.co\/la\/wp-content\/uploads\/2023\/04\/Captura-de-Pantalla-2023-04-26-a-las-1.41.13.png\" alt=\"\" width=\"230\" height=\"288\" \/>Fechas: 29 de abril \/ 2023<br \/>\nLugar: Casa Pl\u00e1stica<br \/>\nCalle 75\u00aa # 22-24 San Felipe<br \/>\nHora: 7:00 pm<br \/>\nDanza contempor\u00e1nea: Suena a recuerdo<br \/>\nAgrupaci\u00f3n: Fuera de Fase<\/h4>\n<p>Sinopsis: Una puesta en escena de danza contempor\u00e1nea que se materializa en un formato \u00edntimo y cercano al espectador, partiendo de una imagen de dos desconocidas en un parque que se acompa\u00f1an en un completo silencio.<\/p>\n<p>Una propuesta de <a href=\"https:\/\/www.instagram.com\/fuerade_fase\/\">@fuerade_fase<\/a> en colaboraci\u00f3n con <a href=\"https:\/\/www.instagram.com\/danielocampot1\/\">@danielocampot1<\/a> e interpretada por: <a href=\"https:\/\/www.instagram.com\/_mareearte_\/\">@_mareearte_<\/a> y <a href=\"https:\/\/www.instagram.com\/estefanial96\/\">@estefanial96<\/a> con la asistencia de direcci\u00f3n\u00a0<a class=\"x1i10hfl xjbqb8w x6umtig x1b1mbwd xaqea5y xav7gou x9f619 x1ypdohk xt0psk2 xe8uvvx xdj266r x11i5rnm xat24cr x1mh8g0r xexx8yu x4uap5 x18d9i69 xkhd6sd x16tdsg8 x1hl2dhg xggy1nq x1a2a7pz notranslate _a6hd\" tabindex=\"0\" role=\"link\" href=\"https:\/\/www.instagram.com\/m_p.cote\/\">@m_p.cote<\/a><\/p>\n<p>Entrada libre previa inscripci\u00f3n.<\/p>\n<p>M\u00e1s informaci\u00f3n en las redes del proyecto:<\/p>\n<p><a href=\"https:\/\/www.instagram.com\/casa.plastica\/\">https:\/\/www.instagram.com\/casa.plastica\/<\/a><\/p>\n<p><a href=\"https:\/\/www.instagram.com\/fuerade_fase\/\">https:\/\/www.instagram.com\/fuerade_fase\/<\/a><\/p>\n<h4><img loading=\"lazy\" decoding=\"async\" class=\"wp-image-11975 alignright\" src=\"https:\/\/www.arteenboga.com.co\/la\/wp-content\/uploads\/2023\/04\/Captura-de-Pantalla-2023-04-26-a-las-1.42.39.png\" alt=\"\" width=\"323\" height=\"407\" \/>Fechas: 29 de abril \/ 2023<br \/>\nLugar: Casa Pl\u00e1stica<br \/>\nCALLE 75\u00aa # 22-24 San Felipe<br \/>\nHora: 11:00\u202fam a 11:00 pm<\/h4>\n<p>Invitados especiales al evento convergencias:<\/p>\n<p>La Panader\u00eda artesanal VII del barrio San Felipe tendr\u00e1 productos para el deleite de los visitantes, por su parte Yari productos amaz\u00f3nicos acompa\u00f1ar\u00e1n la jornada con lo mejor de la selva colombiana. Tambi\u00e9n podr\u00e1n encontrar cuadros port\u00e1tiles de Galart y no puede faltar el mejor caf\u00e9 de Fermentos para terminar en una noche de m\u00fasica y drinks que completar\u00e1n la experiencia est\u00e9tica que Casa Pl\u00e1stica ofrece a sus visitantes este fin de semana. Imperdible.<\/p>\n<p>Entrada libre previa inscripci\u00f3n.<\/p>\n<p>M\u00e1s informaci\u00f3n en las redes del proyecto:<\/p>\n<p><a href=\"https:\/\/www.instagram.com\/casa.plastica\/\">https:\/\/www.instagram.com\/casa.plastica\/<\/a><\/p>\n<p>Consulte toda la programaci\u00f3n aqu\u00ed:<br \/>\n<a href=\"https:\/\/www.instagram.com\/casa.plastica\/\">https:\/\/www.instagram.com\/casa.plastica\/<\/a><\/p>\n","protected":false},"featured_media":11977,"template":"","meta":[],"event_listing_category":[193],"event_listing_type":[192],"class_list":["post-11969","event_listing","type-event_listing","status-publish","has-post-thumbnail","hentry","event_listing_category-interdisciplinar","event_listing_type-interdisciplinar"],"_links":{"self":[{"href":"https:\/\/www.arteenboga.com.co\/la\/wp-json\/wp\/v2\/event_listing\/11969","targetHints":{"allow":["GET"]}}],"collection":[{"href":"https:\/\/www.arteenboga.com.co\/la\/wp-json\/wp\/v2\/event_listing"}],"about":[{"href":"https:\/\/www.arteenboga.com.co\/la\/wp-json\/wp\/v2\/types\/event_listing"}],"wp:featuredmedia":[{"embeddable":true,"href":"https:\/\/www.arteenboga.com.co\/la\/wp-json\/wp\/v2\/media\/11977"}],"wp:attachment":[{"href":"https:\/\/www.arteenboga.com.co\/la\/wp-json\/wp\/v2\/media?parent=11969"}],"wp:term":[{"taxonomy":"event_listing_category","embeddable":true,"href":"https:\/\/www.arteenboga.com.co\/la\/wp-json\/wp\/v2\/event_listing_category?post=11969"},{"taxonomy":"event_listing_type","embeddable":true,"href":"https:\/\/www.arteenboga.com.co\/la\/wp-json\/wp\/v2\/event_listing_type?post=11969"}],"curies":[{"name":"wp","href":"https:\/\/api.w.org\/{rel}","templated":true}]}}

Festival Convergencias este fin de semana en «Casa Plástica»

<p><img loading="lazy" decoding="async" class="wp-image-11971 alignright" src="https://www.arteenboga.com.co/la/wp-content/uploads/2023/04/Captura-de-Pantalla-2023-04-23-a-las-11.54.02.png" alt="" width="228" height="280" />Este 27 y 29 de abril de 2023, Casa Plástica abre sus puertas con el Festival Convergencias, dentro del marco del estímulo “Es cultura Local de Barrios Unidos”.  Los amantes del arte y la cultura podrán disfrutar de una programación variada de cine, teatro, gastronomía, danza y buena música. No se lo pueden perder.</p>
<h4><img loading="lazy" decoding="async" class="wp-image-11972 alignleft" src="https://www.arteenboga.com.co/la/wp-content/uploads/2023/04/Captura-de-Pantalla-2023-04-26-a-las-1.35.50.png" alt="" width="230" height="288" />Fechas: 27 de abril / 2023<br />
Lugar: Casa Plástica<br />
Calle 75ª # 22-24 San Felipe<br />
Hora: 8:00 pm<br />
Monólogo: «Jhonalexedario»</h4>
<p>Sinopsis: Jhon Alex Toro con su monólogo unipersonal, “el Jhonalexedario”, donde de la A a la Z nos contará una autobiografía de su vida en la actuación donde ríe del medio, sus colegas y sobre todo, de él mismo.</p>
<p>Boletería: $30.000.oo</p>
<p>Más información en las redes del proyecto:</p>
<p><a href="https://www.instagram.com/casa.plastica/">https://www.instagram.com/casa.plastica/</a></p>
<h4><img loading="lazy" decoding="async" class="wp-image-11973 alignright" src="https://www.arteenboga.com.co/la/wp-content/uploads/2023/04/Captura-de-Pantalla-2023-04-26-a-las-1.39.55.png" alt="" width="230" height="289" /></h4>
<h4>Fechas: 29 de abril / 2023<br />
Lugar: Casa Plástica<br />
Calle 75ª # 22-24 San Felipe<br />
Hora: Proyección continua<br />
Cortometraje: “Amador y Caridad”</h4>
<h4>Con Toto Vega<br />
Dirigido por Vlamyr Vizcaya Sánchez</h4>
<p>Sinopsis: La historia de Amador, un humilde ciudadano en Bogotá, quien toma todas las mañanas una lista de encargos de sus vecinos. Su empleo como recolector de basura es la forma en que ayuda a sus vecinos. Está enamorado de la profesora y juntos descubrirán que tiene en común mucho más de lo que se imaginan.</p>
<p>Entrada libre previa inscripción.</p>
<p>Más información en las redes del proyecto:</p>
<p><a href="https://www.instagram.com/casa.plastica/">https://www.instagram.com/casa.plastica/</a></p>
<h4><img loading="lazy" decoding="async" class="wp-image-11974 alignleft" src="https://www.arteenboga.com.co/la/wp-content/uploads/2023/04/Captura-de-Pantalla-2023-04-26-a-las-1.41.13.png" alt="" width="230" height="288" />Fechas: 29 de abril / 2023<br />
Lugar: Casa Plástica<br />
Calle 75ª # 22-24 San Felipe<br />
Hora: 7:00 pm<br />
Danza contemporánea: Suena a recuerdo<br />
Agrupación: Fuera de Fase</h4>
<p>Sinopsis: Una puesta en escena de danza contemporánea que se materializa en un formato íntimo y cercano al espectador, partiendo de una imagen de dos desconocidas en un parque que se acompañan en un completo silencio.</p>
<p>Una propuesta de <a href="https://www.instagram.com/fuerade_fase/">@fuerade_fase</a> en colaboración con <a href="https://www.instagram.com/danielocampot1/">@danielocampot1</a> e interpretada por: <a href="https://www.instagram.com/_mareearte_/">@_mareearte_</a> y <a href="https://www.instagram.com/estefanial96/">@estefanial96</a> con la asistencia de dirección <a class="x1i10hfl xjbqb8w x6umtig x1b1mbwd xaqea5y xav7gou x9f619 x1ypdohk xt0psk2 xe8uvvx xdj266r x11i5rnm xat24cr x1mh8g0r xexx8yu x4uap5 x18d9i69 xkhd6sd x16tdsg8 x1hl2dhg xggy1nq x1a2a7pz notranslate _a6hd" tabindex="0" role="link" href="https://www.instagram.com/m_p.cote/">@m_p.cote</a></p>
<p>Entrada libre previa inscripción.</p>
<p>Más información en las redes del proyecto:</p>
<p><a href="https://www.instagram.com/casa.plastica/">https://www.instagram.com/casa.plastica/</a></p>
<p><a href="https://www.instagram.com/fuerade_fase/">https://www.instagram.com/fuerade_fase/</a></p>
<h4><img loading="lazy" decoding="async" class="wp-image-11975 alignright" src="https://www.arteenboga.com.co/la/wp-content/uploads/2023/04/Captura-de-Pantalla-2023-04-26-a-las-1.42.39.png" alt="" width="323" height="407" />Fechas: 29 de abril / 2023<br />
Lugar: Casa Plástica<br />
CALLE 75ª # 22-24 San Felipe<br />
Hora: 11:00 am a 11:00 pm</h4>
<p>Invitados especiales al evento convergencias:</p>
<p>La Panadería artesanal VII del barrio San Felipe tendrá productos para el deleite de los visitantes, por su parte Yari productos amazónicos acompañarán la jornada con lo mejor de la selva colombiana. También podrán encontrar cuadros portátiles de Galart y no puede faltar el mejor café de Fermentos para terminar en una noche de música y drinks que completarán la experiencia estética que Casa Plástica ofrece a sus visitantes este fin de semana. Imperdible.</p>
<p>Entrada libre previa inscripción.</p>
<p>Más información en las redes del proyecto:</p>
<p><a href="https://www.instagram.com/casa.plastica/">https://www.instagram.com/casa.plastica/</a></p>
<p>Consulte toda la programación aquí:<br />
<a href="https://www.instagram.com/casa.plastica/">https://www.instagram.com/casa.plastica/</a></p>
