{"id":11879,"date":"2023-04-12T03:24:16","date_gmt":"2023-04-12T03:24:16","guid":{"rendered":"https:\/\/www.arteenboga.com.co\/la\/?post_type=event_listing&#038;p=11879"},"modified":"2023-04-13T03:42:49","modified_gmt":"2023-04-13T03:42:49","slug":"airdancelive-en-el-2do-festival-de-arte-danzario-joven-2023","status":"publish","type":"event_listing","link":"https:\/\/www.arteenboga.com.co\/la\/event\/airdancelive-en-el-2do-festival-de-arte-danzario-joven-2023\/","title":{"rendered":"Airdancelive en el 2do Festival de Arte Danzario Joven 2023"},"content":{"rendered":"<p><img loading=\"lazy\" decoding=\"async\" class=\"wp-image-11880 alignleft\" src=\"https:\/\/www.arteenboga.com.co\/la\/wp-content\/uploads\/2023\/04\/flyer-1.jpg\" alt=\"\" width=\"299\" height=\"285\" srcset=\"https:\/\/www.arteenboga.com.co\/la\/wp-content\/uploads\/2023\/04\/flyer-1.jpg 2551w, https:\/\/www.arteenboga.com.co\/la\/wp-content\/uploads\/2023\/04\/flyer-1-768x732.jpg 768w, https:\/\/www.arteenboga.com.co\/la\/wp-content\/uploads\/2023\/04\/flyer-1-1536x1464.jpg 1536w, https:\/\/www.arteenboga.com.co\/la\/wp-content\/uploads\/2023\/04\/flyer-1-2048x1952.jpg 2048w, https:\/\/www.arteenboga.com.co\/la\/wp-content\/uploads\/2023\/04\/flyer-1-755x720.jpg 755w\" sizes=\"auto, (max-width: 299px) 100vw, 299px\" \/>La compa\u00f1\u00eda de Danza A\u00e9rea Airdancelive,\u00a0 dentro del marco 2do Festival de Arte Danzario Joven 2023, presenta su obra \u00abA tu lado\u00bb, un espect\u00e1culo interdisciplinar para los amantes de la danza y las artes esc\u00e9nicas.<\/p>\n<h4>Fechas: 15 de abril \/ 2023<br \/>\nLugar: Airdancelive<br \/>\nHora 7:00\u202fpm<br \/>\nObra: A tu lado<br \/>\nGrupo: Compa\u00f1\u00eda Airdancelive<br \/>\nG\u00e9nero: Danza a\u00e9rea<\/h4>\n<p>&nbsp;<\/p>\n<p>Sinopsis:<br \/>\nLa obra \u00abA tu lado\u00bb es un bello espect\u00e1culo compuesto por danza, teatro f\u00edsico, acrobacia a\u00e9rea del circo y animaci\u00f3n interactiva, tiene una duraci\u00f3n de 50 min y est\u00e1 inspirada sobre reflexiones de la depresi\u00f3n y la ansiedad. \u00a1No te la puedes perder!<\/p>\n<p><strong>Aforo limitado<\/strong><\/p>\n<p>Boleter\u00eda: $30K<\/p>\n<p><strong>M\u00e1s Informaci\u00f3n:<\/strong><\/p>\n<p>WhatsApp 3107744248 Ivan Torres<br \/>\nP\u00e1g. web <a href=\"https:\/\/www.airdancelive.com\/\">https:\/\/www.airdancelive.com\/<\/a><br \/>\nRedes: <a href=\"https:\/\/www.instagram.com\/airdancelive\/\">https:\/\/www.instagram.com\/airdancelive\/<\/a><br \/>\nE-mail: <a href=\"mailto:airdance@live.com\">airdance@live.com<\/a><br \/>\nDirecci\u00f3n: Cra 47 a 91-20 La Castellana<br \/>\nLocalidad Barrios Unidos<\/p>\n","protected":false},"featured_media":11882,"template":"","meta":[],"event_listing_category":[185],"event_listing_type":[191],"class_list":["post-11879","event_listing","type-event_listing","status-publish","has-post-thumbnail","hentry","event_listing_category-danza","event_listing_type-danza"],"_links":{"self":[{"href":"https:\/\/www.arteenboga.com.co\/la\/wp-json\/wp\/v2\/event_listing\/11879","targetHints":{"allow":["GET"]}}],"collection":[{"href":"https:\/\/www.arteenboga.com.co\/la\/wp-json\/wp\/v2\/event_listing"}],"about":[{"href":"https:\/\/www.arteenboga.com.co\/la\/wp-json\/wp\/v2\/types\/event_listing"}],"wp:featuredmedia":[{"embeddable":true,"href":"https:\/\/www.arteenboga.com.co\/la\/wp-json\/wp\/v2\/media\/11882"}],"wp:attachment":[{"href":"https:\/\/www.arteenboga.com.co\/la\/wp-json\/wp\/v2\/media?parent=11879"}],"wp:term":[{"taxonomy":"event_listing_category","embeddable":true,"href":"https:\/\/www.arteenboga.com.co\/la\/wp-json\/wp\/v2\/event_listing_category?post=11879"},{"taxonomy":"event_listing_type","embeddable":true,"href":"https:\/\/www.arteenboga.com.co\/la\/wp-json\/wp\/v2\/event_listing_type?post=11879"}],"curies":[{"name":"wp","href":"https:\/\/api.w.org\/{rel}","templated":true}]}}

<p><img loading="lazy" decoding="async" class="wp-image-11880 alignleft" src="https://www.arteenboga.com.co/la/wp-content/uploads/2023/04/flyer-1.jpg" alt="" width="299" height="285" srcset="https://www.arteenboga.com.co/la/wp-content/uploads/2023/04/flyer-1.jpg 2551w, https://www.arteenboga.com.co/la/wp-content/uploads/2023/04/flyer-1-768x732.jpg 768w, https://www.arteenboga.com.co/la/wp-content/uploads/2023/04/flyer-1-1536x1464.jpg 1536w, https://www.arteenboga.com.co/la/wp-content/uploads/2023/04/flyer-1-2048x1952.jpg 2048w, https://www.arteenboga.com.co/la/wp-content/uploads/2023/04/flyer-1-755x720.jpg 755w" sizes="auto, (max-width: 299px) 100vw, 299px" />La compañía de Danza Aérea Airdancelive,  dentro del marco 2do Festival de Arte Danzario Joven 2023, presenta su obra «A tu lado», un espectáculo interdisciplinar para los amantes de la danza y las artes escénicas.</p>
<h4>Fechas: 15 de abril / 2023<br />
Lugar: Airdancelive<br />
Hora 7:00 pm<br />
Obra: A tu lado<br />
Grupo: Compañía Airdancelive<br />
Género: Danza aérea</h4>
<p>&nbsp;</p>
<p>Sinopsis:<br />
La obra «A tu lado» es un bello espectáculo compuesto por danza, teatro físico, acrobacia aérea del circo y animación interactiva, tiene una duración de 50 min y está inspirada sobre reflexiones de la depresión y la ansiedad. ¡No te la puedes perder!</p>
<p><strong>Aforo limitado</strong></p>
<p>Boletería: $30K</p>
<p><strong>Más Información:</strong></p>
<p>WhatsApp 3107744248 Ivan Torres<br />
Pág. web <a href="https://www.airdancelive.com/">https://www.airdancelive.com/</a><br />
Redes: <a href="https://www.instagram.com/airdancelive/">https://www.instagram.com/airdancelive/</a><br />
E-mail: <a href="mailto:airdance@live.com">airdance@live.com</a><br />
Dirección: Cra 47 a 91-20 La Castellana<br />
Localidad Barrios Unidos</p>
